i(s) = -967*s + 14503. Determine i(15).
-2
Let d(y) = -69*y - 1026. Give d(-22).
492
Let t(h) = h**3 - 33*h**2 - 33*h - 49. What is t(34)?
-15
Let p(y) = 10*y**2 - 153*y - 115. Give p(16).
-3
Let d(v) = 385*v + 1916. Determine d(-5).
-9
Let d(p) = p**2 + 45*p + 546. Calculate d(-25).
46
Let j(y) = y**2 - 19*y + 35. What is j(6)?
-43
Let p(j) = 2*j**3 - 11*j**2 - 6*j + 14. What is p(7)?
119
Let j(q) = 2*q - 35. What is j(13)?
-9
Let z(n) = 540*n**3 - n**2 + 2*n + 4. What is z(-1)?
-539
Let v(p) = 30*p**2 - 9*p + 12. Determine v(3).
255
Let x(v) = 5*v**2 + 6*v + 77. Give x(-7).
280
Let g(b) = -67*b - 397. Give g(-3).
-196
Let x(o) = -o**3 - 35*o**2 - 33*o - 13. What is x(0)?
-13
Let k(y) = -y**2 - 19*y - 121. Give k(-15).
-61
Let f(n) = 2*n**2 + 16*n + 32. What is f(-8)?
32
Let z(f) = -727*f + 3609. What is z(5)?
-26
Let j(a) = -2*a**3 - 152*a**2 + a + 81. Give j(-76).
5
Let s(j) = -j**3 - 18*j**2 - 63*j + 125. What is s(-8)?
-11
Let d(p) = p**3 + 16*p**2 - 267*p + 16. Give d(-26).
198
Let t(a) = 3*a**3 + 8*a**2 - 18*a + 26. Give t(4).
274
Let a(w) = -w**3 + 12*w**2 - 21*w + 78. Calculate a(10).
68
Let g(u) = 3007*u - 24033. Calculate g(8).
23
Let p(a) = a**2 - 19*a - 83. Calculate p(21).
-41
Let r(o) = -2*o**2 - 37*o + 104. What is r(-19)?
85
Let r(m) = -m**3 - 5*m**2 - 7*m - 27. What is r(-4)?
-15
Let k(a) = 2*a**2 + 37*a + 24. Calculate k(-18).
6
Let x(h) = -90*h + 1439. Give x(16).
-1
Let g(r) = r**2 + 267*r - 1093. Determine g(4).
-9
Let w(t) = 135*t - 2701. Determine w(20).
-1
Let f(c) = 146*c - 18113. Give f(124).
-9
Let g(p) = -79*p**2 + 60*p - 10. Give g(1).
-29
Let z(s) = s**2 + 18*s - 533. Calculate z(16).
11
Let m(o) = 28*o**2 + 33*o - 190. Calculate m(5).
675
Let u(d) = -2*d**3 + 16*d**2 + 6*d - 49. Determine u(7).
91
Let l(k) = -3*k**3 + 169*k**2 - 56*k + 67. Give l(56).
67
Let a(y) = y**3 - 41*y - 14. What is a(-7)?
-70
Let j(b) = -999*b + 44968. Give j(45).
13
Let h(s) = -3*s**2 + 37*s - 41. What is h(8)?
63
Let b(v) = -v**3 + 17*v**2 - 194*v + 1615. Calculate b(12).
7
Let m(q) = 25*q + 73. Give m(-27).
-602
Let i(w) = -w**3 - 29*w**2 - 52*w + 58. Give i(-27).
4
Let k(c) = c**2 - 570*c + 44361. Determine k(93).
0
Let n(u) = -67*u + 4644. Give n(69).
21
Let y(k) = -k**3 + 16*k**2 - 65*k - 9. Determine y(9).
-27
Let f(w) = w**3 + 7*w**2 + 8*w + 28. What is f(-9)?
-206
Let s(o) = 20*o - 325. Give s(18).
35
Let b(j) = j**3 + 4*j**2 + 1001*j + 5041. Calculate b(-5).
11
Let p(x) = x**2 + 10*x - 476. What is p(-28)?
28
Let t(o) = -o**3 + 50*o**2 - 402*o + 84. Give t(40).
4
Let w(o) = -o**3 - 67*o**2 - 2*o - 7. Give w(0).
-7
Let g(q) = -q**3 - 3*q**2 + 5*q - 3. Determine g(-4).
-7
Let r(y) = 18*y + 1637. Give r(-90).
17
Let z(u) = -u**3 + 4*u**2 + 20*u - 59. Calculate z(3).
10
Let a(k) = -5*k + 592. Determine a(119).
-3
Let v(t) = -945*t - 4722. Determine v(-5).
3
Let c(u) = -2*u**2 - 30*u - 68. Calculate c(-20).
-268
Let m(l) = -l**2 - 21*l - 100. Determine m(-5).
-20
Let q(v) = v**2 + 61*v - 475. Determine q(-68).
1
Let c(l) = -3*l**3 - 44*l**2 - 117*l + 24. Determine c(-11).
-20
Let x(q) = 611*q - 2383. Determine x(4).
61
Let f(r) = -r**3 - 54*r**2 + 952*r + 11. Calculate f(14).
11
Let m(d) = 11*d**2 + 87*d + 174. Determine m(-5).
14
Let b(z) = -z**2 - 28*z + 629. Give b(15).
-16
Let w(u) = -99*u - 1557. Determine w(-16).
27
Let f(x) = -x**3 - 26*x**2 + 64*x - 664. What is f(-29)?
3
Let z(g) = -3510*g + 24597. What is z(7)?
27
Let z(k) = -4*k**3 + 37*k**2 - 5*k - 30. Give z(9).
6
Let z(u) = -3*u**3 + 52*u**2 + 67*u - 506. Give z(18).
52
Let i(w) = w**3 - 4*w**2 - 182*w + 553. Calculate i(3).
-2
Let z(j) = -199*j - 198. Determine z(-1).
1
Let m(w) = -2*w**2 - 17*w + 230. What is m(20)?
-910
Let w(t) = 27*t**3 - 3*t**2 + 3*t. What is w(1)?
27
Let l(w) = w**3 + 31*w**2 + 90*w - 41. Determine l(-28).
-209
Let t(h) = -h**3 - 24*h**2 + 12*h - 13. Give t(-25).
312
Let k(s) = -52*s - 376. Determine k(-8).
40
Let y(w) = 26*w + 54. Determine y(-8).
-154
Let v(l) = -6193*l + 18586. What is v(3)?
7
Let l(d) = -4*d**2 + 41*d + 192. What is l(14)?
-18
Let v(f) = -108*f + 753. What is v(7)?
-3
Let d(k) = k**2 + 94*k + 14. Calculate d(-94).
14
Let h(y) = y**3 + 46*y**2 + 206*y + 34. Calculate h(-41).
-7
Let v(r) = -6*r**3 - 178*r**2 - 1323*r - 42. Determine v(-15).
3
Let w(d) = 238*d**3 - 2*d**2 + d + 2. Calculate w(-1).
-239
Let v(c) = -2*c**3 + 77*c**2 + 46*c - 269. Give v(39).
4
Let m(x) = x**2 - 62*x + 426. What is m(54)?
-6
Let j(c) = 342*c - 2062. Calculate j(6).
-10
Let a(l) = -2*l**3 - 14*l**2 + 43*l + 11. Give a(3).
-40
Let b(h) = h**2 + 13*h + 14. Determine b(-4).
-22
Let d(p) = 16*p**2 - 82*p + 108. Calculate d(3).
6
Let c(p) = -1281*p + 8942. Determine c(7).
-25
Let m(s) = -s**3 + 11*s**2 + 7*s + 20. What is m(11)?
97
Let m(z) = 86*z + 3262. What is m(-38)?
-6
Let p(f) = f**3 - 21*f**2 + 89*f - 11. Calculate p(8).
-131
Let v(m) = -11*m**3 + 2*m**2 + 15*m - 18. What is v(1)?
-12
Let k(d) = 2*d**3 - 83*d**2 - 218*d - 96. Give k(44).
-8
Let b(f) = 39*f + 625. Determine b(-8).
313
Let o(b) = b**2 + b - 39. Determine o(-8).
17
Let y(l) = -388*l + 22523. Calculate y(58).
19
Let o(p) = p**3 - 7*p**2 + p - 50. Calculate o(9).
121
Let v(m) = 2*m**2 + 44*m - 155. Give v(-25).
-5
Let w(n) = 16*n**2 + 163*n + 14. What is w(-10)?
-16
Let r(l) = -l**3 + l**2 + 62*l + 13. What is r(8)?
61
Let u(i) = 96*i - 3655. Determine u(39).
89
Let a(q) = -4*q**2 - 210*q - 302. What is a(-51)?
4
Let j(x) = -x**3 - 14*x**2 - 11*x + 1. Give j(-11).
-241
Let h(i) = 458*i - 7335. Determine h(16).
-7
Let x(v) = -7*v**2 + 4*v + 16. Determine x(-6).
-260
Let g(t) = -684*t**2 - 11*t - 3. What is g(-1)?
-676
Let k(h) = -76*h - 4411. Determine k(-59).
73
Let x(w) = -4*w**2 + 43*w + 2. What is x(11)?
-9
Let f(t) = -2524*t + 37852. What is f(15)?
-8
Let y(h) = -h**3 + h**2 + 4*h - 66. Determine y(-8).
478
Let u(x) = -x**3 - 20*x**2 + 23*x - 455. What is u(-22)?
7
Let m(h) = -3*h**3 - 16*h**2 + 8*h - 13. Determine m(-6).
11
Let m(o) = 7*o**2 - 4239*o - 4239. What is m(-1)?
7
Let v(t) = 2*t**3 + 23*t**2 + 66*t - 11. Determine v(-8).
-91
Let x(i) = -28*i - 445. Calculate x(-17).
31
Let z(b) = -6547*b - 294615. What is z(-45)?
0
Let f(y) = y**2 - 39*y + 250. Determine f(35).
110
Let q(t) = t**3 + 21*t**2 + 20*t - 582. What is q(-18)?
30
Let o(u) = -146*u - 39. Determine o(2).
-331
Let g(w) = -w**3 + 24*w**2 - 2*w + 29. What is g(24)?
-19
Let l(g) = 32*g - 429. What is l(13)?
-13
Let u(j) = j**2 - 32*j + 144. Give u(5).
9
Let x(u) = -2*u**2 - 3*u - 20. Calculate x(-7).
-97
Let f(c) = 21*c**2 + 546*c + 1. Determine f(-26).
1
Let j(h) = 123*h - 109. Calculate j(3).
260
Let f(d) = -d**2 - 30*d - 128. What is f(-14)?
96
Let x(a) = -4*a**3 + 93*a**2 + 73*a - 20. Calculate x(24).
4
Let l(w) = 36*w + 1156. Give l(-32).
4
Let j(p) = 8*p**2 + 64*p - 356. Determine j(5).
164
Let n(x) = 2*x**3 - 4*x**2 + 5*x - 10. Calculate n(4).
74
Let r(c) = 19*c - 9. Give r(12).
219
Let d(i) = 3*i + 116. Calculate d(-6).
98
Let q(r) = -r**2 - 10*r - 9. Determine q(-12).
-33
Let p(j) = -65*j + 3972. What is p(63)?
-123
Let d(r) = -6618*r + 33084. Determine d(5).
-6
Let b(m) = 1344*m - 21506. What is b(16)?
-2
Let b(d) = 2*d + 29. Give b(6).
41
Let y(m) = 60*m - 2140. Give y(36).
20
Let u(l) = 4*l**2 - 33*l - 593. What is u(17)?
2
Let l(h) = -h**3 - 2*h**2 + 4*h + 114. Determine l(4).
34
Let s(p) = 118*p**2 + 18*p + 25. Give s(-3).
1033
Let t(k) = 11*k**3 + 3*k**2 + 14*k - 18. What is t(1)?
10
Let y(q) = 2*q**2 - 969*q + 8559. Calculate y(9).
0
Let t(k) = 2*k**3 + 74*k**2 + 78*k + 226. What is t(-36)?
10
Let q(s) = 223*s + 9355. Give q(-42).
-11
Let v(a) = a**3 - 94*a**2 + 99*a - 345. What is v(93)?
213
Let g(n) = n**2 - 14*n - 1017. Calculate g(-28).
159
Let y(x) = 19*x + 46. Determine y(14).
312
Let g(q) = -3*q**2 + 9*q + 1014. Give g(20).
-6
Let d(t) = -59*t**2 - 455*t + 457. What is d(1)?
-57
Let b(i) = 5*i**2 + 62*i - 39. Determine b(-13).
0
Let n(b) = -65*b + 78. What is n(-2)?
208
Let d(k) = -10*k + 265. What is d(27)?
-5
Let l(v) = 547*v - 10920. Determine l(20).
20
Let s(l) = 2*l**3 - 21*l**2 - 35*l + 278. Calculate s(11).
14
Let f(y) = 73*y - 451. Calculate f(6).
-13
Let w(v) = v**2 + 14*v - 120. Calculate w(11).
155
Let c(l) = 8*l**3 - 57*l**2 + 13*l - 22. Determine c(7).
20
Let m(c) = 6294*c 